{"id":2,"date":"2015-02-19T04:39:32","date_gmt":"2015-02-19T04:39:32","guid":{"rendered":"http:\/\/localhost:8080\/wordpress-4.1.1\/wordpress\/?page_id=2"},"modified":"2026-04-28T10:40:05","modified_gmt":"2026-04-28T10:40:05","slug":"sample-page","status":"publish","type":"page","link":"https:\/\/gangwerk.ch\/studio\/","title":{"rendered":"Home"},"content":{"rendered":"<p>[et_pb_section fb_built=&#8220;1&#8243; custom_padding_last_edited=&#8220;on|desktop&#8220; next_background_color=&#8220;#FFFFFF&#8220; admin_label=&#8220;section&#8220; _builder_version=&#8220;4.27.4&#8243; background_color=&#8220;#ffffff&#8220; background_image=&#8220;https:\/\/gangwerk.ch\/studio\/wp-content\/uploads\/2025\/01\/1.png&#8220; custom_padding_tablet=&#8220;50px|0|50px|0&#8243; custom_padding_phone=&#8220;&#8220; bottom_divider_style=&#8220;wave2&#8243; global_colors_info=&#8220;{}&#8220;][et_pb_row admin_label=&#8220;row&#8220; _builder_version=&#8220;4.16&#8243; background_image=&#8220;https:\/\/gangwerk.ch\/studio\/wp-content\/uploads\/2020\/08\/pic_invis_gross.gif&#8220; background_size=&#8220;initial&#8220; background_position=&#8220;top_left&#8220; background_repeat=&#8220;repeat&#8220; custom_margin=&#8220;250px||50px||false|false&#8220; global_colors_info=&#8220;{}&#8220;][et_pb_column type=&#8220;4_4&#8243; _builder_version=&#8220;4.16&#8243; custom_padding=&#8220;|||&#8220; global_colors_info=&#8220;{}&#8220; custom_padding__hover=&#8220;|||&#8220;][\/et_pb_column][\/et_pb_row][\/et_pb_section][et_pb_section fb_built=&#8220;1&#8243; admin_label=&#8220;section&#8220; _builder_version=&#8220;4.27.0&#8243; background_color=&#8220;#FFFFFF&#8220; custom_padding=&#8220;||36px|||&#8220; global_colors_info=&#8220;{}&#8220;][et_pb_row _builder_version=&#8220;4.16&#8243; background_size=&#8220;initial&#8220; background_position=&#8220;top_left&#8220; background_repeat=&#8220;repeat&#8220; global_colors_info=&#8220;{}&#8220;][et_pb_column type=&#8220;4_4&#8243; _builder_version=&#8220;4.16&#8243; custom_padding=&#8220;|||&#8220; global_colors_info=&#8220;{}&#8220; custom_padding__hover=&#8220;|||&#8220;][et_pb_text _builder_version=&#8220;4.27.4&#8243; text_text_color=&#8220;#5C068C&#8220; header_font_size=&#8220;35px&#8220; background_size=&#8220;initial&#8220; background_position=&#8220;top_left&#8220; background_repeat=&#8220;repeat&#8220; custom_margin=&#8220;||11px|||&#8220; custom_padding=&#8220;||0px|||&#8220; use_border_color=&#8220;off&#8220; global_colors_info=&#8220;{}&#8220;]<\/p>\n<h1 style=\"text-align: center;\"><span style=\"color: #db2391;\"><strong>Willkommen im FlexinessXFitness\u00aeStudio<\/strong><\/span><\/h1>\n<h2 style=\"text-align: center;\"><span style=\"color: #5C068C;\">Dem Trainingszentrum f\u00fcr Hundefitness &amp; Handling in der Schweiz!<\/span><\/h2>\n<p>[\/et_pb_text][et_pb_text _builder_version=&#8220;4.27.4&#8243; text_text_color=&#8220;#000000&#8243; text_font_size=&#8220;18px&#8220; text_line_height=&#8220;1.8em&#8220; header_font_size=&#8220;35px&#8220; background_size=&#8220;initial&#8220; background_position=&#8220;top_left&#8220; background_repeat=&#8220;repeat&#8220; use_border_color=&#8220;off&#8220; global_colors_info=&#8220;{}&#8220;]<\/p>\n<p data-start=\"170\" data-end=\"611\" style=\"text-align: justify;\">Gesundheit und Wohlbefinden der Hunde stehen bei uns an erster Stelle. Mit fundiertem Training, tiefem Verst\u00e4ndnis f\u00fcr <strong data-start=\"289\" data-end=\"327\">Anatomie, Biomechanik und Gangbild<\/strong> sowie jahrelanger Erfahrung sorgen wir daf\u00fcr, dass dein Hund fit, gesund und beweglich bleibt. Unser umfassendes <strong data-start=\"441\" data-end=\"452\">Angebot<\/strong> st\u00e4rkt gezielt den Bewegungsapparat, f\u00f6rdert <strong data-start=\"498\" data-end=\"535\">korrekte Stand- und K\u00f6rperhaltung<\/strong>, verbessert <strong data-start=\"548\" data-end=\"581\">Gangbild und Bewegungsabl\u00e4ufe<\/strong> und beugt Verletzungen vor.<\/p>\n<p>[\/et_pb_text][\/et_pb_column][\/et_pb_row][et_pb_row _builder_version=&#8220;4.27.4&#8243; _module_preset=&#8220;default&#8220; custom_margin=&#8220;|auto|19px|auto||&#8220; global_colors_info=&#8220;{}&#8220;][et_pb_column type=&#8220;4_4&#8243; _builder_version=&#8220;4.27.4&#8243; _module_preset=&#8220;default&#8220; global_colors_info=&#8220;{}&#8220;][dsm_text_divider header=&#8220;FLEXINESS&#8220; color=&#8220;#C1B3E1&#8243; divider_style=&#8220;dotted&#8220; divider_weight=&#8220;5px&#8220; _builder_version=&#8220;4.27.4&#8243; _module_preset=&#8220;default&#8220; header_text_color=&#8220;#C1B3E1&#8243; global_colors_info=&#8220;{}&#8220;][\/dsm_text_divider][\/et_pb_column][\/et_pb_row][et_pb_row column_structure=&#8220;1_2,1_2&#8243; _builder_version=&#8220;4.27.0&#8243; _module_preset=&#8220;default&#8220; global_colors_info=&#8220;{}&#8220;][et_pb_column type=&#8220;1_2&#8243; _builder_version=&#8220;4.27.0&#8243; _module_preset=&#8220;default&#8220; global_colors_info=&#8220;{}&#8220;][et_pb_text _builder_version=&#8220;4.27.6&#8243; text_text_color=&#8220;#5C068C&#8220; background_color=&#8220;rgba(193,179,225,0.5)&#8220; height=&#8220;150px&#8220; custom_padding=&#8220;15px|15px|15px|15px|false|false&#8220; border_radii=&#8220;on|10px|10px|10px|10px&#8220; box_shadow_style=&#8220;preset2&#8243; global_colors_info=&#8220;{}&#8220;]<\/p>\n<h2 style=\"text-align: center;\"><strong><span style=\"color: #000000;\">\u00d6ffnungszeiten?<\/span><\/strong><\/h2>\n<p style=\"text-align: center;\"><strong>Das Studio in <a href=\"https:\/\/gangwerk.ch\/studio\/kursort\/\">Lengau AG<\/a> hat keine regul\u00e4ren \u00d6ffnungszeiten!<br \/><\/strong>Termine nur nach vorheriger Vereinbarung!<\/p>\n<p>[\/et_pb_text][\/et_pb_column][et_pb_column type=&#8220;1_2&#8243; _builder_version=&#8220;4.27.0&#8243; _module_preset=&#8220;default&#8220; global_colors_info=&#8220;{}&#8220;][et_pb_text _builder_version=&#8220;4.27.4&#8243; text_text_color=&#8220;#5C068C&#8220; background_color=&#8220;rgba(193,179,225,0.52)&#8220; height=&#8220;150px&#8220; custom_padding=&#8220;15px|15px|15px|15px|false|false&#8220; border_radii=&#8220;on|10px|10px|10px|10px&#8220; box_shadow_style=&#8220;preset2&#8243; global_colors_info=&#8220;{}&#8220;]<\/p>\n<h2 style=\"text-align: center;\"><strong><span style=\"color: #000000;\">Termin?<\/span><\/strong><\/h2>\n<p style=\"text-align: center;\">Es ist jederzeit m\u00f6glich in einen der Gruppenkurse einzusteigen!<br \/>Phone:<strong> +41 (0)79 207 82 69<br \/><\/strong>E-Mail: <strong><a href=\"mailto:flexiness@gangwerk.ch\">flexiness@gangwerk.ch<\/a><\/strong><\/p>\n<p>[\/et_pb_text][\/et_pb_column][\/et_pb_row][et_pb_row _builder_version=&#8220;4.27.4&#8243; _module_preset=&#8220;default&#8220; global_colors_info=&#8220;{}&#8220;][et_pb_column type=&#8220;4_4&#8243; _builder_version=&#8220;4.27.4&#8243; _module_preset=&#8220;default&#8220; global_colors_info=&#8220;{}&#8220;][et_pb_text _builder_version=&#8220;4.27.4&#8243; text_orientation=&#8220;center&#8220; global_colors_info=&#8220;{}&#8220;]<\/p>\n<p><span style=\"color: #000000;\">Mehr Informationen unter <a href=\"https:\/\/gangwerk.ch\/studio\/info\/\" style=\"color: #db2391;\"><strong>Termine &amp; Preise<\/strong><\/a><\/span><\/p>\n<p>[\/et_pb_text][\/et_pb_column][\/et_pb_row][\/et_pb_section][et_pb_section fb_built=&#8220;1&#8243; prev_background_color=&#8220;#FFFFFF&#8220; _builder_version=&#8220;4.27.4&#8243; _module_preset=&#8220;default&#8220; background_color=&#8220;#5C068C&#8220; top_divider_style=&#8220;wave2&#8243; global_colors_info=&#8220;{}&#8220;][et_pb_row column_structure=&#8220;1_2,1_2&#8243; _builder_version=&#8220;4.27.4&#8243; _module_preset=&#8220;default&#8220; background_color=&#8220;rgba(255,255,255,0.9)&#8220; min_height=&#8220;434.6px&#8220; custom_margin=&#8220;52px|auto||auto||&#8220; custom_padding=&#8220;15px|15px|15px|15px|false|false&#8220; border_radii=&#8220;on|10px|10px|10px|10px&#8220; box_shadow_style=&#8220;preset2&#8243; global_colors_info=&#8220;{}&#8220;][et_pb_column type=&#8220;1_2&#8243; _builder_version=&#8220;4.16&#8243; _module_preset=&#8220;default&#8220; global_colors_info=&#8220;{}&#8220;][et_pb_contact_form email=&#8220;k.mattioli@gangwerk.ch&#8220; title=&#8220;Kontakt&#8220; custom_message=&#8220;Kontaktformular FlexinessXFitness Studio:||et_pb_line_break_holder||%%Name%%||et_pb_line_break_holder||%%Email%%||et_pb_line_break_holder||%%Telefon%%||et_pb_line_break_holder||%%Message%%&#8220; success_message=&#8220;Vielen Dank. Die Nachricht wurde versendet und wir werden uns so schnell wie m\u00f6glich melden.&#8220; submit_button_text=&#8220;SENDEN&#8220; _builder_version=&#8220;4.27.4&#8243; _module_preset=&#8220;default&#8220; _unique_id=&#8220;1504edcf-fafa-4a80-8724-5b5a4d23034d&#8220; form_field_background_color=&#8220;#C1B3E1&#8243; form_field_text_color=&#8220;#5C068C&#8220; form_field_focus_text_color=&#8220;#FFFFFF&#8220; title_font=&#8220;|600|||||||&#8220; background_color=&#8220;RGBA(255,255,255,0)&#8220; custom_button=&#8220;on&#8220; button_text_color=&#8220;#C1B3E1&#8243; button_bg_color=&#8220;#5C068C&#8220; button_border_width=&#8220;0px&#8220; button_border_radius=&#8220;10px&#8220; button_font=&#8220;|700|||||||&#8220; button_use_icon=&#8220;off&#8220; border_radii=&#8220;on|10px|10px|10px|10px&#8220; box_shadow_style_button=&#8220;preset2&#8243; global_colors_info=&#8220;{}&#8220;][et_pb_contact_field field_id=&#8220;Name&#8220; field_title=&#8220;Vorname \/ Name*&#8220; fullwidth_field=&#8220;on&#8220; _builder_version=&#8220;4.27.0&#8243; global_colors_info=&#8220;{}&#8220; button_text_size__hover_enabled=&#8220;off&#8220; button_one_text_size__hover_enabled=&#8220;off&#8220; button_two_text_size__hover_enabled=&#8220;off&#8220; button_text_color__hover_enabled=&#8220;off&#8220; button_one_text_color__hover_enabled=&#8220;off&#8220; button_two_text_color__hover_enabled=&#8220;off&#8220; button_border_width__hover_enabled=&#8220;off&#8220; button_one_border_width__hover_enabled=&#8220;off&#8220; button_two_border_width__hover_enabled=&#8220;off&#8220; button_border_color__hover_enabled=&#8220;off&#8220; button_one_border_color__hover_enabled=&#8220;off&#8220; button_two_border_color__hover_enabled=&#8220;off&#8220; button_border_radius__hover_enabled=&#8220;off&#8220; button_one_border_radius__hover_enabled=&#8220;off&#8220; button_two_border_radius__hover_enabled=&#8220;off&#8220; button_letter_spacing__hover_enabled=&#8220;off&#8220; button_one_letter_spacing__hover_enabled=&#8220;off&#8220; button_two_letter_spacing__hover_enabled=&#8220;off&#8220; button_bg_color__hover_enabled=&#8220;off&#8220; button_one_bg_color__hover_enabled=&#8220;off&#8220; button_two_bg_color__hover_enabled=&#8220;off&#8220;][\/et_pb_contact_field][et_pb_contact_field field_id=&#8220;Email&#8220; field_title=&#8220;E-Mail*&#8220; field_type=&#8220;email&#8220; _builder_version=&#8220;4.27.0&#8243; global_colors_info=&#8220;{}&#8220; button_text_size__hover_enabled=&#8220;off&#8220; button_one_text_size__hover_enabled=&#8220;off&#8220; button_two_text_size__hover_enabled=&#8220;off&#8220; button_text_color__hover_enabled=&#8220;off&#8220; button_one_text_color__hover_enabled=&#8220;off&#8220; button_two_text_color__hover_enabled=&#8220;off&#8220; button_border_width__hover_enabled=&#8220;off&#8220; button_one_border_width__hover_enabled=&#8220;off&#8220; button_two_border_width__hover_enabled=&#8220;off&#8220; button_border_color__hover_enabled=&#8220;off&#8220; button_one_border_color__hover_enabled=&#8220;off&#8220; button_two_border_color__hover_enabled=&#8220;off&#8220; button_border_radius__hover_enabled=&#8220;off&#8220; button_one_border_radius__hover_enabled=&#8220;off&#8220; button_two_border_radius__hover_enabled=&#8220;off&#8220; button_letter_spacing__hover_enabled=&#8220;off&#8220; button_one_letter_spacing__hover_enabled=&#8220;off&#8220; button_two_letter_spacing__hover_enabled=&#8220;off&#8220; button_bg_color__hover_enabled=&#8220;off&#8220; button_one_bg_color__hover_enabled=&#8220;off&#8220; button_two_bg_color__hover_enabled=&#8220;off&#8220;][\/et_pb_contact_field][et_pb_contact_field field_id=&#8220;Telefon&#8220; field_title=&#8220;Telefon*&#8220; _builder_version=&#8220;4.27.0&#8243; global_colors_info=&#8220;{}&#8220; button_text_size__hover_enabled=&#8220;off&#8220; button_one_text_size__hover_enabled=&#8220;off&#8220; button_two_text_size__hover_enabled=&#8220;off&#8220; button_text_color__hover_enabled=&#8220;off&#8220; button_one_text_color__hover_enabled=&#8220;off&#8220; button_two_text_color__hover_enabled=&#8220;off&#8220; button_border_width__hover_enabled=&#8220;off&#8220; button_one_border_width__hover_enabled=&#8220;off&#8220; button_two_border_width__hover_enabled=&#8220;off&#8220; button_border_color__hover_enabled=&#8220;off&#8220; button_one_border_color__hover_enabled=&#8220;off&#8220; button_two_border_color__hover_enabled=&#8220;off&#8220; button_border_radius__hover_enabled=&#8220;off&#8220; button_one_border_radius__hover_enabled=&#8220;off&#8220; button_two_border_radius__hover_enabled=&#8220;off&#8220; button_letter_spacing__hover_enabled=&#8220;off&#8220; button_one_letter_spacing__hover_enabled=&#8220;off&#8220; button_two_letter_spacing__hover_enabled=&#8220;off&#8220; button_bg_color__hover_enabled=&#8220;off&#8220; button_one_bg_color__hover_enabled=&#8220;off&#8220; button_two_bg_color__hover_enabled=&#8220;off&#8220;][\/et_pb_contact_field][et_pb_contact_field field_id=&#8220;Message&#8220; field_title=&#8220;Nachricht*&#8220; field_type=&#8220;text&#8220; fullwidth_field=&#8220;on&#8220; _builder_version=&#8220;4.27.0&#8243; global_colors_info=&#8220;{}&#8220; button_text_size__hover_enabled=&#8220;off&#8220; button_one_text_size__hover_enabled=&#8220;off&#8220; button_two_text_size__hover_enabled=&#8220;off&#8220; button_text_color__hover_enabled=&#8220;off&#8220; button_one_text_color__hover_enabled=&#8220;off&#8220; button_two_text_color__hover_enabled=&#8220;off&#8220; button_border_width__hover_enabled=&#8220;off&#8220; button_one_border_width__hover_enabled=&#8220;off&#8220; button_two_border_width__hover_enabled=&#8220;off&#8220; button_border_color__hover_enabled=&#8220;off&#8220; button_one_border_color__hover_enabled=&#8220;off&#8220; button_two_border_color__hover_enabled=&#8220;off&#8220; button_border_radius__hover_enabled=&#8220;off&#8220; button_one_border_radius__hover_enabled=&#8220;off&#8220; button_two_border_radius__hover_enabled=&#8220;off&#8220; button_letter_spacing__hover_enabled=&#8220;off&#8220; button_one_letter_spacing__hover_enabled=&#8220;off&#8220; button_two_letter_spacing__hover_enabled=&#8220;off&#8220; button_bg_color__hover_enabled=&#8220;off&#8220; button_one_bg_color__hover_enabled=&#8220;off&#8220; button_two_bg_color__hover_enabled=&#8220;off&#8220;][\/et_pb_contact_field][\/et_pb_contact_form][\/et_pb_column][et_pb_column type=&#8220;1_2&#8243; _builder_version=&#8220;4.16&#8243; _module_preset=&#8220;default&#8220; global_colors_info=&#8220;{}&#8220;][dsm_image_hotspots src=&#8220;https:\/\/gangwerk.ch\/studio\/wp-content\/uploads\/2026\/03\/stacking-one.png&#8220; title_text=&#8220;stacking-one&#8220; tooltip_background_color=&#8220;rgba(219,35,145,0.9)&#8220; tooltip_max_width=&#8220;250px&#8220; _builder_version=&#8220;4.27.6&#8243; _module_preset=&#8220;default&#8220; hover_enabled=&#8220;0&#8243; border_radii_tooltip=&#8220;on|10px|10px|10px|10px&#8220; global_colors_info=&#8220;{}&#8220; sticky_enabled=&#8220;0&#8243;][dsm_image_hotspots_child font_icon=&#8220;&#x50;||divi||400&#8243; icon_font_size=&#8220;20px&#8220; left_position=&#8220;13%&#8220; top_position=&#8220;4%&#8220; _builder_version=&#8220;4.27.4&#8243; _module_preset=&#8220;default&#8220; background_color=&#8220;RGBA(255,255,255,0)&#8220; background_enable_color=&#8220;on&#8220; global_colors_info=&#8220;{}&#8220;]<\/p>\n<p><strong data-start=\"0\" data-end=\"11\" data-is-only-node=\"\">Mental:<\/strong><br data-start=\"11\" data-end=\"14\" \/>Flexiness\u00ae Training sch\u00e4rft die Konzentration, st\u00e4rkt das Selbstvertrauen und h\u00e4lt deinen Hund mental aktiv. Mentale Fitness f\u00f6rdert besseres Lernen, ausgeglicheneres Verhalten und eine st\u00e4rkere Bindung zwischen Mensch und Hund.<\/p>\n<p>[\/dsm_image_hotspots_child][dsm_image_hotspots_child font_icon=&#8220;&#x50;||divi||400&#8243; icon_font_size=&#8220;20px&#8220; left_position=&#8220;45%&#8220; top_position=&#8220;34%&#8220; _builder_version=&#8220;4.27.4&#8243; _module_preset=&#8220;default&#8220; background_color=&#8220;RGBA(255,255,255,0)&#8220; background_enable_color=&#8220;on&#8220; global_colors_info=&#8220;{}&#8220;]<\/p>\n<p data-start=\"0\" data-end=\"259\"><strong data-start=\"0\" data-end=\"32\">Statische Haltungskontrolle:<\/strong><br data-start=\"32\" data-end=\"35\" \/>Pr\u00e4zise Balancearbeit verbessert die Ausrichtung des K\u00f6rpers und die Aktivit\u00e4t der Rumpfmuskulatur im Stand. Eine bessere statische Haltung reduziert Belastungen und schafft eine stabile Grundlage f\u00fcr jede Form von Bewegung.<\/p>\n<p data-start=\"261\" data-end=\"503\" data-is-last-node=\"\" data-is-only-node=\"\"><strong data-start=\"261\" data-end=\"294\">Dynamische Haltungskontrolle:<\/strong><br data-start=\"294\" data-end=\"297\" \/>Dynamische \u00dcbungen trainieren Koordination, Balance und Stabilit\u00e4t in der Bewegung. Hunde entwickeln sichere, kontrollierte und belastbare Bewegungsmuster \u2013 eine wichtige Basis f\u00fcr alle Aktivit\u00e4ten.<\/p>\n<p>[\/dsm_image_hotspots_child][dsm_image_hotspots_child font_icon=&#8220;&#x50;||divi||400&#8243; icon_font_size=&#8220;20px&#8220; left_position=&#8220;21%&#8220; top_position=&#8220;38%&#8220; _builder_version=&#8220;4.27.4&#8243; _module_preset=&#8220;default&#8220; background_color=&#8220;RGBA(255,255,255,0)&#8220; background_enable_color=&#8220;on&#8220; global_colors_info=&#8220;{}&#8220;]<\/p>\n<p><strong data-start=\"0\" data-end=\"14\" data-is-only-node=\"\">Mobilit\u00e4t:<\/strong><br data-start=\"14\" data-end=\"17\" \/>Flexiness\u00ae Training verbessert den Bewegungsumfang in allen Gelenken, f\u00f6rdert fl\u00fcssige Bewegungen und hilft, Steifheit zu reduzieren. Bewegliche Hunde bewegen sich freier, schneller und komfortabler.<\/p>\n<p>[\/dsm_image_hotspots_child][dsm_image_hotspots_child font_icon=&#8220;&#x50;||divi||400&#8243; icon_font_size=&#8220;20px&#8220; left_position=&#8220;71%&#8220; top_position=&#8220;38%&#8220; _builder_version=&#8220;4.27.4&#8243; _module_preset=&#8220;default&#8220; background_color=&#8220;RGBA(255,255,255,0)&#8220; background_enable_color=&#8220;on&#8220; global_colors_info=&#8220;{}&#8220;]<\/p>\n<p><strong data-start=\"0\" data-end=\"16\" data-is-only-node=\"\">Muskelkraft:<\/strong><br data-start=\"16\" data-end=\"19\" \/>Gezielte \u00dcbungen auf stabilen Plattformen st\u00e4rken ausgewogen die Muskulatur, unterst\u00fctzen die Knochen, steigern die Leistungsf\u00e4higkeit und verhindern kompensatorische Belastungen.<\/p>\n<p>[\/dsm_image_hotspots_child][dsm_image_hotspots_child font_icon=&#8220;&#x50;||divi||400&#8243; icon_font_size=&#8220;20px&#8220; left_position=&#8220;71%&#8220; top_position=&#8220;51%&#8220; _builder_version=&#8220;4.27.4&#8243; _module_preset=&#8220;default&#8220; background_color=&#8220;RGBA(255,255,255,0)&#8220; background_enable_color=&#8220;on&#8220; global_colors_info=&#8220;{}&#8220;]<\/p>\n<p><strong data-start=\"0\" data-end=\"21\" data-is-only-node=\"\">Gelenkstabilit\u00e4t:<\/strong><br data-start=\"21\" data-end=\"24\" \/>Training auf instabilen Plattformen st\u00e4rkt die feinen Muskeln rund um die Gelenke und sch\u00fctzt sie vor Verletzungen. Starke, stabile Gelenke sorgen f\u00fcr sicheres Spielen, l\u00e4ngere Aktivit\u00e4t und weniger Beschwerden.<\/p>\n<p>[\/dsm_image_hotspots_child][dsm_image_hotspots_child font_icon=&#8220;&#x50;||divi||400&#8243; icon_font_size=&#8220;20px&#8220; left_position=&#8220;21%&#8220; top_position=&#8220;83%&#8220; _builder_version=&#8220;4.27.4&#8243; _module_preset=&#8220;default&#8220; background_color=&#8220;RGBA(255,255,255,0)&#8220; background_enable_color=&#8220;on&#8220; global_colors_info=&#8220;{}&#8220;]<\/p>\n<p><strong>Die richtige Ausr\u00fcstung w\u00e4hlen:<\/strong><br \/>Wir finden das passende Equipment f\u00fcr dein Trainingsziel und das Fitnesslevel deines Hundes.<br \/>Stabile Ger\u00e4te f\u00f6rdern sicher den Muskelaufbau und unterst\u00fctzen Anf\u00e4nger, w\u00e4hrend instabile Oberfl\u00e4chen gezielt Gleichgewicht, Gelenke und Rumpfstabilit\u00e4t trainieren. So stellen wir sicher, dass das Training f\u00fcr deinen Hund effektiv, sicher und vor allem spassig bleibt.<\/p>\n<p>[\/dsm_image_hotspots_child][\/dsm_image_hotspots][\/et_pb_column][\/et_pb_row][\/et_pb_section]<\/p>\n","protected":false},"excerpt":{"rendered":"<p>Willkommen im FlexinessXFitness\u00aeStudio Dem Trainingszentrum f\u00fcr Hundefitness &amp; Handling in der Schweiz!Gesundheit und Wohlbefinden der Hunde stehen bei uns an erster Stelle. Mit fundiertem Training, tiefem Verst\u00e4ndnis f\u00fcr Anatomie, Biomechanik und Gangbild sowie jahrelanger Erfahrung sorgen wir daf\u00fcr, dass dein Hund fit, gesund und beweglich bleibt. Unser umfassendes Angebot st\u00e4rkt gezielt den Bewegungsapparat, f\u00f6rdert korrekte Stand- und K\u00f6rperhaltung, verbessert Gangbild und Bewegungsabl\u00e4ufe und beugt Verletzungen vor.<div class=\"et_pb_module dsm_text_divider dsm_text_divider_0\">\n\t\t\t\t\n\t\t\t\t\n\t\t\t\t\n\t\t\t\t\n\t\t\t\t\n\t\t\t\t\n\t\t\t\t<div class=\"et_pb_module_inner\">\n\t\t\t\t\t<div class=\"dsm-text-divider-wrapper dsm-text-divider-align-center et_pb_bg_layout_light\">\n\t\t\t\t\n\t\t\t\t\n\t\t\t\t<div class=\"dsm-text-divider-before dsm-divider\"><\/div>\n\t\t\t\t<h3 class=\"dsm-text-divider-header et_pb_module_header\"><span>FLEXINESS<\/span><\/h3>\n\t\t\t\t<div class=\"dsm-text-divider-after dsm-divider\"><\/div>\n\t\t\t<\/div>\n\t\t\t\t<\/div>\n\t\t\t<\/div>\u00d6ffnungszeiten? Das Studio in Lengau AG hat keine regul\u00e4ren \u00d6ffnungszeiten!Termine nur nach vorheriger Vereinbarung!Termin? Es ist jederzeit m\u00f6glich in einen der Gruppenkurse einzusteigen!Phone: +41 (0)79 207 82 69E-Mail: flexiness@gangwerk.chMehr Informationen unter Termine &amp; Preise<div class=\"et_pb_module dsm_image_hotspots dsm_image_hotspots_0\">\n\t\t\t\t\n\t\t\t\t\n\t\t\t\t\n\t\t\t\t\n\t\t\t\t\n\t\t\t\t\n\t\t\t\t<div class=\"et_pb_module_inner\">\n\t\t\t\t\t\n\t\t\t\n\t\t\t<div class=\"dsm_image_hotspots_wrap\"  data-dsm-tooltip-animation=\"fade\" data-dsm-hotspot=\"dsm_image_hotspots_0\" data-tippy-delay=\"[50, 50]\" data-tippy-trigger=\"mouseenter\"><div class=\"dsm_image_hotspots_img_wrap\"><img decoding=\"async\" src=\"https:\/\/gangwerk.ch\/studio\/wp-content\/uploads\/2026\/03\/stacking-one.png\" alt=\"\" title=\"stacking-one\" srcset=\"https:\/\/gangwerk.ch\/studio\/wp-content\/uploads\/2026\/03\/stacking-one.png 1864w, https:\/\/gangwerk.ch\/studio\/wp-content\/uploads\/2026\/03\/stacking-one-1280x1147.png 1280w, https:\/\/gangwerk.ch\/studio\/wp-content\/uploads\/2026\/03\/stacking-one-980x878.png 980w, https:\/\/gangwerk.ch\/studio\/wp-content\/uploads\/2026\/03\/stacking-one-480x430.png 480w\" sizes=\"(min-width: 0px) and (max-width: 480px) 480px, (min-width: 481px) and (max-width: 980px) 980px, (min-width: 981px) and (max-width: 1280px) 1280px, (min-width: 1281px) 1864px, 100vw\" \/><\/div><\/div>\n\t\t\t\n\t\t\t\t<\/div>\n\t\t\t<\/div><div class=\"dsm_image_hotspots_child dsm_image_hotspots_child_0\">\n\t\t\t\t\n\t\t\t\t\n\t\t\t\t\n\t\t\t\t\n\t\t\t\t<div class=\"dsm_image_hotspots_wrapper\" data-tippy-arrow=\"true\" data-tippy-placement=\"top\" data-slug=\"dsm_image_hotspots_child_0\"><span class=\"dsm_image_hotspots_icon et-pb-icon\"><span>P<\/span><\/span><\/div><div class=\"dsm_image_hotspot_tooltip et_pb_bg_layout_dark\"><div class=\"dsm_image_tooltip_content\">Mental:Flexiness\u00ae Training sch\u00e4rft die Konzentration, st\u00e4rkt das Selbstvertrauen und h\u00e4lt deinen Hund mental aktiv. Mentale Fitness f\u00f6rdert besseres Lernen, ausgeglicheneres Verhalten und eine st\u00e4rkere Bindung zwischen Mensch und Hund.<\/div><\/div>\n\t\t\t<\/div><div class=\"dsm_image_hotspots_child dsm_image_hotspots_child_1\">\n\t\t\t\t\n\t\t\t\t\n\t\t\t\t\n\t\t\t\t\n\t\t\t\t<div class=\"dsm_image_hotspots_wrapper\" data-tippy-arrow=\"true\" data-tippy-placement=\"top\" data-slug=\"dsm_image_hotspots_child_1\"><span class=\"dsm_image_hotspots_icon et-pb-icon\"><span>P<\/span><\/span><\/div><div class=\"dsm_image_hotspot_tooltip et_pb_bg_layout_dark\"><\/div>\n\t\t\t<\/div>Statische Haltungskontrolle:Pr\u00e4zise Balancearbeit verbessert die Ausrichtung des K\u00f6rpers und die Aktivit\u00e4t der Rumpfmuskulatur im Stand. Eine bessere statische Haltung reduziert Belastungen und schafft eine stabile Grundlage f\u00fcr jede Form von Bewegung. Dynamische Haltungskontrolle:Dynamische \u00dcbungen trainieren Koordination, Balance und [&hellip;]<\/p>\n","protected":false},"author":26,"featured_media":0,"parent":0,"menu_order":0,"comment_status":"closed","ping_status":"closed","template":"","meta":{"_et_pb_use_builder":"on","_et_pb_old_content":"<p>...<\/p>","_et_gb_content_width":"","footnotes":""},"class_list":["post-2","page","type-page","status-publish","hentry"],"_links":{"self":[{"href":"https:\/\/gangwerk.ch\/studio\/wp-json\/wp\/v2\/pages\/2","targetHints":{"allow":["GET"]}}],"collection":[{"href":"https:\/\/gangwerk.ch\/studio\/wp-json\/wp\/v2\/pages"}],"about":[{"href":"https:\/\/gangwerk.ch\/studio\/wp-json\/wp\/v2\/types\/page"}],"author":[{"embeddable":true,"href":"https:\/\/gangwerk.ch\/studio\/wp-json\/wp\/v2\/users\/26"}],"replies":[{"embeddable":true,"href":"https:\/\/gangwerk.ch\/studio\/wp-json\/wp\/v2\/comments?post=2"}],"version-history":[{"count":217,"href":"https:\/\/gangwerk.ch\/studio\/wp-json\/wp\/v2\/pages\/2\/revisions"}],"predecessor-version":[{"id":2581,"href":"https:\/\/gangwerk.ch\/studio\/wp-json\/wp\/v2\/pages\/2\/revisions\/2581"}],"wp:attachment":[{"href":"https:\/\/gangwerk.ch\/studio\/wp-json\/wp\/v2\/media?parent=2"}],"curies":[{"name":"wp","href":"https:\/\/api.w.org\/{rel}","templated":true}]}}