{"id":5966,"date":"2024-05-28T16:43:12","date_gmt":"2024-05-28T16:43:12","guid":{"rendered":"https:\/\/gangwerk.ch\/shop\/?page_id=5966"},"modified":"2025-07-09T08:02:28","modified_gmt":"2025-07-09T08:02:28","slug":"zert-fxf-coaches","status":"publish","type":"page","link":"https:\/\/gangwerk.ch\/shop\/zert-fxf-coaches\/","title":{"rendered":"Zert. FXF Coaches"},"content":{"rendered":"<p>[et_pb_section fb_built=&#8220;1&#8243; _builder_version=&#8220;4.25.1&#8243; _module_preset=&#8220;default&#8220; da_disable_devices=&#8220;off|off|off&#8220; global_colors_info=&#8220;{}&#8220; da_is_popup=&#8220;off&#8220; da_exit_intent=&#8220;off&#8220; da_has_close=&#8220;on&#8220; da_alt_close=&#8220;off&#8220; da_dark_close=&#8220;off&#8220; da_not_modal=&#8220;on&#8220; da_is_singular=&#8220;off&#8220; da_with_loader=&#8220;off&#8220; da_has_shadow=&#8220;on&#8220;][et_pb_row column_structure=&#8220;2_3,1_3&#8243; _builder_version=&#8220;4.25.1&#8243; _module_preset=&#8220;default&#8220; global_colors_info=&#8220;{}&#8220;][et_pb_column type=&#8220;2_3&#8243; _builder_version=&#8220;4.25.1&#8243; _module_preset=&#8220;default&#8220; global_colors_info=&#8220;{}&#8220;][et_pb_text _builder_version=&#8220;4.25.1&#8243; _module_preset=&#8220;default&#8220; min_height=&#8220;75.8px&#8220; custom_padding=&#8220;||0px|||&#8220; global_colors_info=&#8220;{}&#8220;]<\/p>\n<h1>Zert. FlexinessXFitness\u00ae Coaches<\/h1>\n<p>[\/et_pb_text][et_pb_text _builder_version=&#8220;4.27.4&#8243; _module_preset=&#8220;default&#8220; min_height=&#8220;75.8px&#8220; custom_padding=&#8220;||0px|||&#8220; global_colors_info=&#8220;{}&#8220;]<\/p>\n<p><strong>Alle aufgef\u00fchrten Coaches haben das dreiteilige* FXF Zertifizierungsprogramm erfolgreich abgeschlossen.<\/strong><\/p>\n<p>1. Online Theorie &amp; Praxis<br \/>2. 1:1 Workshop Praxis<br \/>3. 3 Fallstudien mit Abschlusspr\u00fcfung<\/p>\n<p>[\/et_pb_text][\/et_pb_column][et_pb_column type=&#8220;1_3&#8243; _builder_version=&#8220;4.25.1&#8243; _module_preset=&#8220;default&#8220; global_colors_info=&#8220;{}&#8220;][et_pb_image src=&#8220;https:\/\/gangwerk.ch\/shop\/wp-content\/uploads\/2024\/06\/flexinessxfitness_SiegelCopy.png&#8220; title_text=&#8220;flexinessxfitness_SiegelCopy&#8220; _builder_version=&#8220;4.25.1&#8243; _module_preset=&#8220;default&#8220; global_colors_info=&#8220;{}&#8220;][\/et_pb_image][\/et_pb_column][\/et_pb_row][et_pb_row _builder_version=&#8220;4.25.1&#8243; _module_preset=&#8220;default&#8220; global_colors_info=&#8220;{}&#8220;][et_pb_column type=&#8220;4_4&#8243; _builder_version=&#8220;4.25.1&#8243; _module_preset=&#8220;default&#8220; global_colors_info=&#8220;{}&#8220;][et_pb_map address=&#8220;Aargau, Schweiz&#8220; zoom_level=&#8220;3&#8243; address_lat=&#8220;51.826025469866&#8243; address_lng=&#8220;38.66558575&#8243; _builder_version=&#8220;4.27.4&#8243; _module_preset=&#8220;default&#8220; link_option_url_new_window=&#8220;on&#8220; hover_enabled=&#8220;0&#8243; global_colors_info=&#8220;{}&#8220; sticky_enabled=&#8220;0&#8243;][et_pb_map_pin title=&#8220;FlexinessXFitness\u00ae Studio&#8220; pin_address=&#8220;Oststrasse 1, 5426 Lengnau, Schweiz&#8220; pin_address_lat=&#8220;47.5277096&#8243; pin_address_lng=&#8220;8.3189906&#8243; _builder_version=&#8220;4.25.1&#8243; _module_preset=&#8220;default&#8220; global_colors_info=&#8220;{}&#8220;]<\/p>\n<p>Katharina Mattioli<br \/>Oststrasse 1<br \/>CH-5462 Lengnau<\/p>\n<p><a href=\"https:\/\/gangwerk.ch\/studio\/\">FlexinessXFitness Studio<\/a><br \/>+41792078269<\/p>\n<p>[\/et_pb_map_pin][et_pb_map_pin title=&#8220;HUNDherum FIT&#8220; pin_address=&#8220;In der Weiden 7, 2224 Obersulz, \u00d6sterreich&#8220; pin_address_lat=&#8220;48.4983792&#8243; pin_address_lng=&#8220;16.6754275&#8243; _builder_version=&#8220;4.25.1&#8243; _module_preset=&#8220;default&#8220; global_colors_info=&#8220;{}&#8220;]<\/p>\n<p>Sonja Rauscher<br \/>In der Weiden 7<br \/>AT-2224 Obersulz<br \/><a href=\"mailto:shop@hundherum-fit.at\">shop@hundherum-fit.at<\/a><br \/><a href=\"http:\/\/www.hundherum-fit.at\">hundherum-fit.at<\/a><\/p>\n<p>+43 664 2228215<\/p>\n<p>[\/et_pb_map_pin][et_pb_map_pin title=&#8220;Hanine FitDogs&#8220; pin_address=&#8220;Deogyang-gu, Goyang-si, Gyeonggi-do, S\u00fcdkorea&#8220; zoom_level=&#8220;8&#8243; pin_address_lat=&#8220;37.6647678&#8243; pin_address_lng=&#8220;126.9204556&#8243; _builder_version=&#8220;4.27.0&#8243; _module_preset=&#8220;default&#8220; global_colors_info=&#8220;{}&#8220;]<\/p>\n<p>Hannah Kim<\/p>\n<p>[\/et_pb_map_pin][et_pb_map_pin title=&#8220;Hunde im Fokus&#8220; pin_address=&#8220;1100 Wien, \u00d6sterreich&#8220; pin_address_lat=&#8220;48.1564641&#8243; pin_address_lng=&#8220;16.3910684&#8243; _builder_version=&#8220;4.27.4&#8243; _module_preset=&#8220;default&#8220; global_colors_info=&#8220;{}&#8220;]<\/p>\n<p>Klara Oppenheim<br \/>AT-1100 Wien<br \/><a href=\"mailto:hundeimfokus@outlook.com\">hundeimfokus@outlook.com<\/a><br \/><a href=\"http:\/\/www.hundeimfokus.at\">www.hundeimfokus.at<\/a><\/p>\n<p>+43 664 1029124<\/p>\n<p>[\/et_pb_map_pin][et_pb_map_pin title=&#8220;TrickHundeFitness&#8220; pin_address=&#8220;Zwillikon, 8909 Affoltern am Albis, Schweiz&#8220; pin_address_lat=&#8220;47.2876216&#8243; pin_address_lng=&#8220;8.4312741&#8243; _builder_version=&#8220;4.27.4&#8243; _module_preset=&#8220;default&#8220; global_colors_info=&#8220;{}&#8220; hover_enabled=&#8220;0&#8243; sticky_enabled=&#8220;0&#8243;]<\/p>\n<p style=\"font-weight: 400;\">Sydney Schweizer<br \/>Sunnmattstr. 1<br \/>CH-8909 Zwillikon<\/p>\n<p style=\"font-weight: 400;\"><a href=\"http:\/\/www.trickhundefitness.ch\/\" target=\"_blank\" rel=\"noopener\">www.trickhundefitness.ch<\/a><br \/><a href=\"mailto:sydney.schweizer@outlook.com\">sydney.schweizer@outlook.com<\/a><\/p>\n<p style=\"font-weight: 400;\">+41 79 800 31 52<\/p>\n<p>[\/et_pb_map_pin][et_pb_map_pin title=&#8220;Hunde Fitness ApS&#8220; pin_address=&#8220;Gr\u00f8nlundvej 3, 6650 Br\u00f8rup, D\u00e4nemark&#8220; pin_address_lat=&#8220;55.50067&#8243; pin_address_lng=&#8220;9.045082&#8243; _builder_version=&#8220;4.27.4&#8243; _module_preset=&#8220;default&#8220; global_colors_info=&#8220;{}&#8220;]Christian Adamsen<br \/>\nGr\u00f8nlundvej 3<br \/>\nEskelund,<br \/>\n6650 Br\u00f8rup<br \/>\nD\u00e4nemark<\/p>\n<p>+45 32 12 32 12[\/et_pb_map_pin][\/et_pb_map][\/et_pb_column][\/et_pb_row][\/et_pb_section]<\/p>\n","protected":false},"excerpt":{"rendered":"<p>Zert. FlexinessXFitness\u00ae CoachesAlle aufgef\u00fchrten Coaches haben das dreiteilige* FXF Zertifizierungsprogramm erfolgreich abgeschlossen. 1. Online Theorie &amp; Praxis2. 1:1 Workshop Praxis3. 3 Fallstudien mit Abschlusspr\u00fcfungKatharina MattioliOststrasse 1CH-5462 Lengnau FlexinessXFitness Studio+41792078269Sonja RauscherIn der Weiden 7AT-2224 Obersulzshop@hundherum-fit.athundherum-fit.at +43 664 2228215Hannah KimKlara OppenheimAT-1100 Wienhundeimfokus@outlook.comwww.hundeimfokus.at +43 664 1029124Sydney SchweizerSunnmattstr. 1CH-8909 Zwillikon www.trickhundefitness.chsydney.schweizer@outlook.com +41 79 800 31 52Christian Adamsen Gr\u00f8nlundvej 3 Eskelund, 6650 Br\u00f8rup D\u00e4nemark +45 32 12 32 12<\/p>\n","protected":false},"author":1,"featured_media":0,"parent":0,"menu_order":0,"comment_status":"closed","ping_status":"closed","template":"","meta":{"_et_pb_use_builder":"on","_et_pb_old_content":"","_et_gb_content_width":"","advanced_seo_description":"","jetpack_seo_html_title":"","jetpack_seo_noindex":false,"footnotes":""},"class_list":["post-5966","page","type-page","status-publish","hentry"],"jetpack_sharing_enabled":true,"_links":{"self":[{"href":"https:\/\/gangwerk.ch\/shop\/wp-json\/wp\/v2\/pages\/5966","targetHints":{"allow":["GET"]}}],"collection":[{"href":"https:\/\/gangwerk.ch\/shop\/wp-json\/wp\/v2\/pages"}],"about":[{"href":"https:\/\/gangwerk.ch\/shop\/wp-json\/wp\/v2\/types\/page"}],"author":[{"embeddable":true,"href":"https:\/\/gangwerk.ch\/shop\/wp-json\/wp\/v2\/users\/1"}],"replies":[{"embeddable":true,"href":"https:\/\/gangwerk.ch\/shop\/wp-json\/wp\/v2\/comments?post=5966"}],"version-history":[{"count":19,"href":"https:\/\/gangwerk.ch\/shop\/wp-json\/wp\/v2\/pages\/5966\/revisions"}],"predecessor-version":[{"id":8673,"href":"https:\/\/gangwerk.ch\/shop\/wp-json\/wp\/v2\/pages\/5966\/revisions\/8673"}],"wp:attachment":[{"href":"https:\/\/gangwerk.ch\/shop\/wp-json\/wp\/v2\/media?parent=5966"}],"curies":[{"name":"wp","href":"https:\/\/api.w.org\/{rel}","templated":true}]}}