{"id":4713,"date":"2023-04-23T09:05:04","date_gmt":"2023-04-23T09:05:04","guid":{"rendered":"https:\/\/gangwerk.ch\/shop\/?page_id=4713"},"modified":"2024-11-04T15:40:36","modified_gmt":"2024-11-04T15:40:36","slug":"flexiness","status":"publish","type":"page","link":"https:\/\/gangwerk.ch\/shop\/flexiness\/","title":{"rendered":"Flexiness\u00ae"},"content":{"rendered":"<p>[et_pb_section fb_built=&#8220;1&#8243; _builder_version=&#8220;4.27.2&#8243; _module_preset=&#8220;default&#8220; background_image=&#8220;https:\/\/gangwerk.ch\/shop\/wp-content\/uploads\/2024\/11\/10.png&#8220; custom_padding=&#8220;350px|||||&#8220; hover_enabled=&#8220;0&#8243; da_disable_devices=&#8220;off|off|off&#8220; global_colors_info=&#8220;{}&#8220; title_text=&#8220;10&#8243; sticky_enabled=&#8220;0&#8243; da_is_popup=&#8220;off&#8220; da_exit_intent=&#8220;off&#8220; da_has_close=&#8220;on&#8220; da_alt_close=&#8220;off&#8220; da_dark_close=&#8220;off&#8220; da_not_modal=&#8220;on&#8220; da_is_singular=&#8220;off&#8220; da_with_loader=&#8220;off&#8220; da_has_shadow=&#8220;on&#8220;][et_pb_row _builder_version=&#8220;4.27.0&#8243; _module_preset=&#8220;default&#8220; global_colors_info=&#8220;{}&#8220;][et_pb_column type=&#8220;4_4&#8243; _builder_version=&#8220;4.27.0&#8243; _module_preset=&#8220;default&#8220; global_colors_info=&#8220;{}&#8220;][\/et_pb_column][\/et_pb_row][\/et_pb_section][et_pb_section fb_built=&#8220;1&#8243; module_id=&#8220;global-header-section&#8220; _builder_version=&#8220;4.27.0&#8243; _module_preset=&#8220;default&#8220; background_color=&#8220;rgba(92,6,140,0.6)&#8220; custom_padding=&#8220;0px||3px|||&#8220; custom_css_main_element=&#8220;position: fixed;||top: 0;||width: 100%;&#8220; da_disable_devices=&#8220;off|off|off&#8220; global_colors_info=&#8220;{}&#8220; da_is_popup=&#8220;off&#8220; da_exit_intent=&#8220;off&#8220; da_has_close=&#8220;on&#8220; da_alt_close=&#8220;off&#8220; da_dark_close=&#8220;off&#8220; da_not_modal=&#8220;on&#8220; da_is_singular=&#8220;off&#8220; da_with_loader=&#8220;off&#8220; da_has_shadow=&#8220;on&#8220;][et_pb_row column_structure=&#8220;1_4,1_2,1_4&#8243; _builder_version=&#8220;4.27.0&#8243; _module_preset=&#8220;default&#8220; custom_padding=&#8220;45px||11px|||&#8220; global_colors_info=&#8220;{}&#8220;][et_pb_column type=&#8220;1_4&#8243; _builder_version=&#8220;4.27.0&#8243; _module_preset=&#8220;default&#8220; global_colors_info=&#8220;{}&#8220;][\/et_pb_column][et_pb_column type=&#8220;1_2&#8243; _builder_version=&#8220;4.27.0&#8243; _module_preset=&#8220;default&#8220; global_colors_info=&#8220;{}&#8220;][et_pb_menu menu_style=&#8220;inline_centered_logo&#8220; active_link_color=&#8220;#FFFFFF&#8220; dropdown_menu_bg_color=&#8220;rgba(92,6,140,0.55)&#8220; dropdown_menu_line_color=&#8220;#DB2391&#8243; dropdown_menu_text_color=&#8220;#FFFFFF&#8220; dropdown_menu_active_link_color=&#8220;#FFFFFF&#8220; mobile_menu_bg_color=&#8220;#5C068C&#8220; mobile_menu_text_color=&#8220;#FFFFFF&#8220; search_icon_color=&#8220;#FFFFFF&#8220; _builder_version=&#8220;4.27.0&#8243; _module_preset=&#8220;default&#8220; menu_font=&#8220;&#8211;et_global_heading_font|||on|||||&#8220; menu_text_color=&#8220;#FFFFFF&#8220; menu_line_height=&#8220;1.2em&#8220; background_color=&#8220;RGBA(255,255,255,0)&#8220; custom_padding=&#8220;||||false|false&#8220; menu_text_shadow_style=&#8220;preset1&#8243; menu_text_shadow_color=&#8220;#5C068C&#8220; global_colors_info=&#8220;{}&#8220;][\/et_pb_menu][\/et_pb_column][et_pb_column type=&#8220;1_4&#8243; _builder_version=&#8220;4.27.0&#8243; _module_preset=&#8220;default&#8220; global_colors_info=&#8220;{}&#8220;][et_pb_menu menu_id=&#8220;255&#8243; menu_style=&#8220;inline_centered_logo&#8220; active_link_color=&#8220;#FFFFFF&#8220; dropdown_menu_bg_color=&#8220;#5C068C&#8220; dropdown_menu_line_color=&#8220;#DB2391&#8243; dropdown_menu_text_color=&#8220;#FFFFFF&#8220; dropdown_menu_active_link_color=&#8220;#CA98CE&#8220; mobile_menu_bg_color=&#8220;#5C068C&#8220; mobile_menu_text_color=&#8220;#FFFFFF&#8220; search_icon_color=&#8220;#FFFFFF&#8220; _builder_version=&#8220;4.27.0&#8243; _module_preset=&#8220;default&#8220; menu_font=&#8220;&#8211;et_global_heading_font|||on|||||&#8220; menu_text_color=&#8220;#FFFFFF&#8220; background_color=&#8220;RGBA(255,255,255,0)&#8220; custom_padding=&#8220;||||false|false&#8220; menu_text_shadow_style=&#8220;preset1&#8243; menu_text_shadow_color=&#8220;#5C068C&#8220; global_colors_info=&#8220;{}&#8220;][\/et_pb_menu][\/et_pb_column][\/et_pb_row][\/et_pb_section][et_pb_section fb_built=&#8220;1&#8243; _builder_version=&#8220;4.20.4&#8243; _module_preset=&#8220;default&#8220; da_disable_devices=&#8220;off|off|off&#8220; global_colors_info=&#8220;{}&#8220; da_is_popup=&#8220;off&#8220; da_exit_intent=&#8220;off&#8220; da_has_close=&#8220;on&#8220; da_alt_close=&#8220;off&#8220; da_dark_close=&#8220;off&#8220; da_not_modal=&#8220;on&#8220; da_is_singular=&#8220;off&#8220; da_with_loader=&#8220;off&#8220; da_has_shadow=&#8220;on&#8220;][et_pb_row _builder_version=&#8220;4.20.4&#8243; _module_preset=&#8220;default&#8220; global_colors_info=&#8220;{}&#8220;][et_pb_column type=&#8220;4_4&#8243; _builder_version=&#8220;4.20.4&#8243; _module_preset=&#8220;default&#8220; global_colors_info=&#8220;{}&#8220;][et_pb_text _builder_version=&#8220;4.27.2&#8243; _module_preset=&#8220;default&#8220; global_colors_info=&#8220;{}&#8220;]<\/p>\n<h1>flexiness\u00ae &#8211; designed in switzerland<\/h1>\n<h3><span style=\"color: #cab3e1;\">Fitnessger\u00e4te, die f\u00fcr den K\u00f6rper des Hundes entwickelt werden!<\/span><\/h3>\n<p>[\/et_pb_text][\/et_pb_column][\/et_pb_row][et_pb_row column_structure=&#8220;3_4,1_4&#8243; _builder_version=&#8220;4.20.4&#8243; _module_preset=&#8220;default&#8220; global_colors_info=&#8220;{}&#8220;][et_pb_column type=&#8220;3_4&#8243; _builder_version=&#8220;4.20.4&#8243; _module_preset=&#8220;default&#8220; global_colors_info=&#8220;{}&#8220;][et_pb_text _builder_version=&#8220;4.20.4&#8243; _module_preset=&#8220;default&#8220; global_colors_info=&#8220;{}&#8220;]Mit einem professionellen Hintergrund in Hundephysiotherapie, Fitness, Training und Design ist es unser h\u00f6chster Anspruch,<\/p>\n<h5>FUNKTIONELLE, SICHERE, VIELSEITIGE, HOCHWERTIGE und OPTISCH ANSPRECHENDE<\/h5>\n<p>Produkte f\u00fcr unsere Kunden (4- und 2-beinig!) zu entwickeln.<br \/>\n<br \/>\nDa Hunde mit jedem Training nur das Beste f\u00fcr sich herausholen sollen, konzentrieren wir unsere Produktentwicklung auf<\/p>\n<h5>BEDARF, FUNKTIONALIT\u00c4T und SICHERHEIT<\/h5>\n<p>f\u00fcr Pr\u00e4vention (Hundefitness) und Rehabilitation (Therapie).[\/et_pb_text][\/et_pb_column][et_pb_column type=&#8220;1_4&#8243; _builder_version=&#8220;4.20.4&#8243; _module_preset=&#8220;default&#8220; global_colors_info=&#8220;{}&#8220;][et_pb_image src=&#8220;https:\/\/gangwerk.ch\/shop\/wp-content\/uploads\/2023\/09\/stand.png&#8220; title_text=&#8220;stand&#8220; _builder_version=&#8220;4.24.3&#8243; _module_preset=&#8220;default&#8220; global_colors_info=&#8220;{}&#8220;][\/et_pb_image][\/et_pb_column][\/et_pb_row][\/et_pb_section][et_pb_section fb_built=&#8220;1&#8243; _builder_version=&#8220;4.27.0&#8243; _module_preset=&#8220;default&#8220; background_color=&#8220;#5C068C&#8220; background_image=&#8220;https:\/\/gangwerk.ch\/shop\/wp-content\/uploads\/2023\/04\/trippy_action2.png&#8220; background_size=&#8220;custom&#8220; background_image_width=&#8220;11%&#8220; background_position=&#8220;bottom_left&#8220; background_horizontal_offset=&#8220;7%&#8220; background_vertical_offset=&#8220;49%&#8220; da_disable_devices=&#8220;off|off|off&#8220; global_colors_info=&#8220;{}&#8220; da_is_popup=&#8220;off&#8220; da_exit_intent=&#8220;off&#8220; da_has_close=&#8220;on&#8220; da_alt_close=&#8220;off&#8220; da_dark_close=&#8220;off&#8220; da_not_modal=&#8220;on&#8220; da_is_singular=&#8220;off&#8220; da_with_loader=&#8220;off&#8220; da_has_shadow=&#8220;on&#8220;][et_pb_row _builder_version=&#8220;4.20.4&#8243; _module_preset=&#8220;default&#8220; custom_padding=&#8220;||1px|||&#8220; global_colors_info=&#8220;{}&#8220;][et_pb_column type=&#8220;4_4&#8243; _builder_version=&#8220;4.20.4&#8243; _module_preset=&#8220;default&#8220; global_colors_info=&#8220;{}&#8220;][et_pb_text _builder_version=&#8220;4.20.4&#8243; _module_preset=&#8220;default&#8220; custom_margin=&#8220;-24px|||||&#8220; global_colors_info=&#8220;{}&#8220;]<\/p>\n<h2 style=\"text-align: center;\"><span style=\"color: #ffffff;\">Hunde sind unsere Leidenschaft!<br \/>wir tun was wir LIEBEN f\u00fcr die, die wir lieben!<\/span><\/h2>\n<p>[\/et_pb_text][\/et_pb_column][\/et_pb_row][\/et_pb_section][et_pb_section fb_built=&#8220;1&#8243; _builder_version=&#8220;4.20.4&#8243; _module_preset=&#8220;default&#8220; da_disable_devices=&#8220;off|off|off&#8220; global_colors_info=&#8220;{}&#8220; da_is_popup=&#8220;off&#8220; da_exit_intent=&#8220;off&#8220; da_has_close=&#8220;on&#8220; da_alt_close=&#8220;off&#8220; da_dark_close=&#8220;off&#8220; da_not_modal=&#8220;on&#8220; da_is_singular=&#8220;off&#8220; da_with_loader=&#8220;off&#8220; da_has_shadow=&#8220;on&#8220;][et_pb_row column_structure=&#8220;1_4,3_4&#8243; _builder_version=&#8220;4.20.4&#8243; _module_preset=&#8220;default&#8220; global_colors_info=&#8220;{}&#8220;][et_pb_column type=&#8220;1_4&#8243; _builder_version=&#8220;4.20.4&#8243; _module_preset=&#8220;default&#8220; global_colors_info=&#8220;{}&#8220;][et_pb_image src=&#8220;https:\/\/gangwerk.ch\/shop\/wp-content\/uploads\/2023\/09\/move-1.png&#8220; title_text=&#8220;move&#8220; _builder_version=&#8220;4.24.3&#8243; _module_preset=&#8220;default&#8220; global_colors_info=&#8220;{}&#8220;][\/et_pb_image][\/et_pb_column][et_pb_column type=&#8220;3_4&#8243; _builder_version=&#8220;4.20.4&#8243; _module_preset=&#8220;default&#8220; global_colors_info=&#8220;{}&#8220;][et_pb_text _builder_version=&#8220;4.20.4&#8243; _module_preset=&#8220;default&#8220; global_colors_info=&#8220;{}&#8220;]<\/p>\n<p>Seit unserem Start im Jahr 2012 hat sich der Bereich Hundefitness vorallem in den letzten Jahren stark entwickelt und damit auch die Anforderungen an die Ger\u00e4te.<\/p>\n<h5>FORM, H\u00d6HE, MATERIAL, TEXTUR<\/h5>\n<p>Kleine Dinge die einen gro\u00dfen Einfluss haben k\u00f6nnen. Wir gehen mit der Zeit, unsere Produkte sind nach dem aktuellsten Wissensstand f\u00fcr den Hundek\u00f6rper entwickelt.<\/p>\n<p>Hinsichtlich<\/p>\n<h5>Sicherheit, Funktionalit\u00e4t, Material und Oberfl\u00e4che<\/h5>\n<p>macht es einen gro\u00dfen Unterschied ob ein Produkt f\u00fcr Menschen oder Hunde entwickelt wurde. Im Hundefitness Bereich ist nebst der Biomechanik des Hundes vorallem auch der Sicherheitsaspekt zu ber\u00fccksichtigen.<\/p>\n<p>[\/et_pb_text][\/et_pb_column][\/et_pb_row][et_pb_row _builder_version=&#8220;4.20.4&#8243; _module_preset=&#8220;default&#8220; global_colors_info=&#8220;{}&#8220;][et_pb_column type=&#8220;4_4&#8243; _builder_version=&#8220;4.20.4&#8243; _module_preset=&#8220;default&#8220; global_colors_info=&#8220;{}&#8220;][et_pb_text _builder_version=&#8220;4.20.4&#8243; _module_preset=&#8220;default&#8220; global_colors_info=&#8220;{}&#8220;]<\/p>\n<p>Als Marke\/Hersteller von professionellen Fitnessger\u00e4ten f\u00fcr Hunde haben wir eine grosse<\/p>\n<h5>VERANTWORTUNG!<\/h5>\n<p>Vielen Dank f\u00fcr die weltweite Unterst\u00fctzung, an alle unsere Kunden &#8211; an alle Tier\u00e4rzte, Therapeuten, Trainer und Hundeliebhaber f\u00fcr ihr Vertrauen in Flexiness\u00ae<\/p>\n<h5>Leben bedeutet Entwicklung und diese Chance ergreifen wir!<\/h5>\n<p>Wir werden auch weiterhin Produkte designen, die den aktuellen Bed\u00fcrfnissen entsprechen.<br \/>Das ist ein Versprechen!<\/p>\n<p>[\/et_pb_text][et_pb_button button_url=&#8220;https:\/\/gangwerk.ch\/shop\/equipment-1&#215;1\/&#8220; button_text=&#8220;equipment 1&#215;1&#8243; button_alignment=&#8220;center&#8220; _builder_version=&#8220;4.20.4&#8243; _module_preset=&#8220;default&#8220; custom_button=&#8220;on&#8220; box_shadow_style=&#8220;preset2&#8243; global_colors_info=&#8220;{}&#8220;][\/et_pb_button][\/et_pb_column][\/et_pb_row][\/et_pb_section][et_pb_section fb_built=&#8220;1&#8243; _builder_version=&#8220;4.27.0&#8243; _module_preset=&#8220;default&#8220; background_color=&#8220;#5C068C&#8220; da_disable_devices=&#8220;off|off|off&#8220; global_colors_info=&#8220;{}&#8220; da_is_popup=&#8220;off&#8220; da_exit_intent=&#8220;off&#8220; da_has_close=&#8220;on&#8220; da_alt_close=&#8220;off&#8220; da_dark_close=&#8220;off&#8220; da_not_modal=&#8220;on&#8220; da_is_singular=&#8220;off&#8220; da_with_loader=&#8220;off&#8220; da_has_shadow=&#8220;on&#8220;][et_pb_row _builder_version=&#8220;4.20.4&#8243; _module_preset=&#8220;default&#8220; custom_padding=&#8220;||1px|||&#8220; global_colors_info=&#8220;{}&#8220;][et_pb_column type=&#8220;4_4&#8243; _builder_version=&#8220;4.20.4&#8243; _module_preset=&#8220;default&#8220; global_colors_info=&#8220;{}&#8220;][et_pb_text _builder_version=&#8220;4.20.4&#8243; _module_preset=&#8220;default&#8220; custom_margin=&#8220;-24px|||||&#8220; global_colors_info=&#8220;{}&#8220;]<\/p>\n<h2 style=\"text-align: center;\"><span style=\"color: #ffffff;\">Unser Anspruch ist es, ein SICHERES und EFFEKTIVES Training<br \/>zu erm\u00f6glichen, dass Hund und Halter SPASS bringt.<\/span><\/h2>\n<p>[\/et_pb_text][\/et_pb_column][\/et_pb_row][\/et_pb_section][et_pb_section fb_built=&#8220;1&#8243; _builder_version=&#8220;4.24.3&#8243; _module_preset=&#8220;default&#8220; da_disable_devices=&#8220;off|off|off&#8220; global_colors_info=&#8220;{}&#8220; da_is_popup=&#8220;off&#8220; da_exit_intent=&#8220;off&#8220; da_has_close=&#8220;on&#8220; da_alt_close=&#8220;off&#8220; da_dark_close=&#8220;off&#8220; da_not_modal=&#8220;on&#8220; da_is_singular=&#8220;off&#8220; da_with_loader=&#8220;off&#8220; da_has_shadow=&#8220;on&#8220;][et_pb_row _builder_version=&#8220;4.20.4&#8243; _module_preset=&#8220;default&#8220; global_colors_info=&#8220;{}&#8220;][et_pb_column type=&#8220;4_4&#8243; _builder_version=&#8220;4.20.4&#8243; _module_preset=&#8220;default&#8220; global_colors_info=&#8220;{}&#8220;][et_pb_text _builder_version=&#8220;4.27.2&#8243; _module_preset=&#8220;default&#8220; global_colors_info=&#8220;{}&#8220;]<\/p>\n<h1>flexiness\u00ae &#8211; wie alles Begann<\/h1>\n<h3><span style=\"color: #cab3e1;\">Lexi &amp; Katharina<br \/><\/span><\/h3>\n<p>[\/et_pb_text][\/et_pb_column][\/et_pb_row][et_pb_row column_structure=&#8220;2_3,1_3&#8243; _builder_version=&#8220;4.24.3&#8243; _module_preset=&#8220;default&#8220; global_colors_info=&#8220;{}&#8220;][et_pb_column type=&#8220;2_3&#8243; _builder_version=&#8220;4.24.3&#8243; _module_preset=&#8220;default&#8220; global_colors_info=&#8220;{}&#8220;][et_pb_text _builder_version=&#8220;4.24.3&#8243; _module_preset=&#8220;default&#8220; global_colors_info=&#8220;{}&#8220;]<\/p>\n<div class=\"flex flex-grow flex-col max-w-full\">\n<div data-message-author-role=\"assistant\" data-message-id=\"d1ffcdd8-7427-4886-8d28-e4f514289a7b\" dir=\"auto\" class=\"min-h-[20px] text-message flex flex-col items-start gap-3 whitespace-pre-wrap break-words [.text-message+&amp;]:mt-5 overflow-x-auto\">\n<div class=\"markdown prose w-full break-words dark:prose-invert dark\">\n<p>Alles begann mit Lexi, dem Boston Terrier, denn jeder Hund verdient den bestm\u00f6glichen Start ins Leben. Von Katharina selbst gez\u00fcchtet, inspirierte Lexi die Designerin und Hundephysiotherapeutin dazu, Fitnessger\u00e4te f\u00fcr Hunde zu entwickeln, die auf die einzigartigen Bed\u00fcrfnisse von Hunden zugeschnitten sind. Katharinas Vision war klar: vielseitige, effektive Ger\u00e4te f\u00fcr das t\u00e4gliche Training zu entwickeln, die das Wohlergehen und die Leistung unserer geliebten Hunde in den Vordergrund stellen.<\/p>\n<p>Aktuell genie\u00dft Lexi ihre Rente. Alle gezeigten Boston Terrier sind fitte, trainierte Hunde und allesamt Nachkommen von Lexi.<\/p>\n<p>Unser Motto ist &#8218;INFORMIEREN STATT PAUSCHALISIEREN&#8216;. Jeder Hund ist ein Individuum und als solches wird er bei uns auch behandelt.<\/p>\n<\/div>\n<\/div>\n<\/div>\n<p>[\/et_pb_text][\/et_pb_column][et_pb_column type=&#8220;1_3&#8243; _builder_version=&#8220;4.24.3&#8243; _module_preset=&#8220;default&#8220; global_colors_info=&#8220;{}&#8220;][et_pb_image src=&#8220;https:\/\/gangwerk.ch\/shop\/wp-content\/uploads\/2024\/04\/1.png&#8220; title_text=&#8220;1&#8243; _builder_version=&#8220;4.24.3&#8243; _module_preset=&#8220;default&#8220; global_colors_info=&#8220;{}&#8220;][\/et_pb_image][\/et_pb_column][\/et_pb_row][\/et_pb_section]<\/p>\n","protected":false},"excerpt":{"rendered":"<p>flexiness\u00ae &#8211; designed in switzerland Fitnessger\u00e4te, die f\u00fcr den K\u00f6rper des Hundes entwickelt werden!Mit einem professionellen Hintergrund in Hundephysiotherapie, Fitness, Training und Design ist es unser h\u00f6chster Anspruch, FUNKTIONELLE, SICHERE, VIELSEITIGE, HOCHWERTIGE und OPTISCH ANSPRECHENDE Produkte f\u00fcr unsere Kunden (4- und 2-beinig!) zu entwickeln. Da Hunde mit jedem Training nur das Beste f\u00fcr sich herausholen sollen, konzentrieren wir unsere Produktentwicklung auf BEDARF, FUNKTIONALIT\u00c4T und SICHERHEIT f\u00fcr Pr\u00e4vention (Hundefitness) und Rehabilitation (Therapie).Hunde sind unsere Leidenschaft!wir tun was wir LIEBEN f\u00fcr die, die wir lieben!Seit unserem Start im Jahr 2012 hat sich der Bereich Hundefitness vorallem in den letzten Jahren stark entwickelt und damit auch die Anforderungen an die Ger\u00e4te. FORM, H\u00d6HE, MATERIAL, TEXTUR Kleine Dinge die einen gro\u00dfen Einfluss haben k\u00f6nnen. Wir gehen mit der Zeit, unsere Produkte sind nach dem aktuellsten Wissensstand f\u00fcr den Hundek\u00f6rper entwickelt. Hinsichtlich Sicherheit, Funktionalit\u00e4t, Material und Oberfl\u00e4che macht es einen gro\u00dfen Unterschied ob ein Produkt f\u00fcr Menschen oder Hunde entwickelt wurde. Im Hundefitness Bereich ist nebst der Biomechanik des Hundes vorallem auch der Sicherheitsaspekt zu ber\u00fccksichtigen.Als Marke\/Hersteller von professionellen Fitnessger\u00e4ten f\u00fcr Hunde haben wir eine grosse VERANTWORTUNG! Vielen Dank f\u00fcr die weltweite Unterst\u00fctzung, an alle unsere Kunden &#8211; an alle Tier\u00e4rzte, Therapeuten, Trainer und Hundeliebhaber [&hellip;]<\/p>\n","protected":false},"author":1,"featured_media":0,"parent":0,"menu_order":0,"comment_status":"closed","ping_status":"closed","template":"","meta":{"_et_pb_use_builder":"on","_et_pb_old_content":"","_et_gb_content_width":"","advanced_seo_description":"","jetpack_seo_html_title":"","jetpack_seo_noindex":false,"footnotes":""},"class_list":["post-4713","page","type-page","status-publish","hentry"],"jetpack_sharing_enabled":true,"_links":{"self":[{"href":"https:\/\/gangwerk.ch\/shop\/wp-json\/wp\/v2\/pages\/4713","targetHints":{"allow":["GET"]}}],"collection":[{"href":"https:\/\/gangwerk.ch\/shop\/wp-json\/wp\/v2\/pages"}],"about":[{"href":"https:\/\/gangwerk.ch\/shop\/wp-json\/wp\/v2\/types\/page"}],"author":[{"embeddable":true,"href":"https:\/\/gangwerk.ch\/shop\/wp-json\/wp\/v2\/users\/1"}],"replies":[{"embeddable":true,"href":"https:\/\/gangwerk.ch\/shop\/wp-json\/wp\/v2\/comments?post=4713"}],"version-history":[{"count":27,"href":"https:\/\/gangwerk.ch\/shop\/wp-json\/wp\/v2\/pages\/4713\/revisions"}],"predecessor-version":[{"id":8091,"href":"https:\/\/gangwerk.ch\/shop\/wp-json\/wp\/v2\/pages\/4713\/revisions\/8091"}],"wp:attachment":[{"href":"https:\/\/gangwerk.ch\/shop\/wp-json\/wp\/v2\/media?parent=4713"}],"curies":[{"name":"wp","href":"https:\/\/api.w.org\/{rel}","templated":true}]}}